
In base 6, what is -5521 - -1523?
-3554
In base 4, what is 1100 + 2133030300?
2133032000
In base 10, what is 6 + -4194156?
-4194150
In base 13, what is 3 - -579bbb?
579bc1
In base 9, what is 5 + 54668610?
54668615
In base 11, what is 314606a - 1?
3146069
In base 14, what is 231769 - 72?
2316d7
In base 7, what is -31 - -45320126?
45320065
In base 5, what is -431043240 + -11?
-431043301
In base 10, what is 60127952 + 5?
60127957
In base 8, what is -122026125 - 4?
-122026131
In base 3, what is -101112011001 + 111?
-101112010120
In base 13, what is -b68a2 - -5?
-b689a
In base 10, what is -4 + -62800375?
-62800379
In base 11, what is -26 - 443404?
-44342a
In base 3, what is 220121221 - 1202001201?
-211102210
In base 9, what is -115864 - 151?
-116125
In base 9, what is 3 - 327855345?
-327855342
In base 7, what is 445 + 55412?
56160
In base 16, what is 0 - -c1fdf0?
c1fdf0
In base 4, what is -3121 - -2303101?
2233320
In base 11, what is 102710 + -780?
101a40
In base 9, what is 1714 - 14036?
-12222
In base 14, what is -382 - 148c?
-1830
In base 16, what is -29e - -f06?
c68
In base 15, what is 4 - -3dee9?
3deed
In base 16, what is -1b739e27 + -3?
-1b739e2a
In base 16, what is -8af3c6 - 0?
-8af3c6
In base 11, what is 36 - -92975?
92a00
In base 12, what is -113 - -8547a?
85367
In base 9, what is 4 - 4251054?
-4251050
In base 14, what is -2dc409 + -19?
-2dc424
In base 9, what is 258572325 - -5?
258572331
In base 5, what is -10110021402 - 344?
-10110022301
In base 6, what is 13 + 222153040?
222153053
In base 4, what is 103202203313 - 3?
103202203310
In base 14, what is 0 - 55cc63?
-55cc63
In base 15, what is 5 + -8bc8c9?
-8bc8c4
In base 14, what is b1 + 4881?
4952
In base 10, what is -429 + 214507?
214078
In base 16, what is -6 - -460c9?
460c3
In base 6, what is -3 + 245013112?
245013105
In base 3, what is -21 - 122012222002111?
-122012222002202
In base 15, what is -68e - -1ec35?
1e596
In base 6, what is -1150243333 - 5?
-1150243342
In base 16, what is -24d1 + -1589?
-3a5a
In base 13, what is -3948b - 3c6?
-39884
In base 16, what is 6 + 79475b?
794761
In base 8, what is 3413530 - -2?
3413532
In base 8, what is 26 + -346737545?
-346737517
In base 12, what is 18 + 76895?
768b1
In base 4, what is 201213310310 - 1?
201213310303
In base 2, what is 100101111100110000 - -110010?
100101111101100010
In base 10, what is -3 - 2327878?
-2327881
In base 4, what is -31202322223 + -10?
-31202322233
In base 2, what is -100110010 + -1000101010000111110?
-1000101010101110000
In base 3, what is -1001020212 - -1001222?
-1000011220
In base 8, what is 1425602 + -1603?
1423777
In base 3, what is 0 - 1222001200120?
-1222001200120
In base 9, what is -8718 + -143458?
-153277
In base 11, what is 8945 - 670?
8285
In base 16, what is -f + 3f17c7?
3f17b8
In base 12, what is -12b10827 + 4?
-12b10823
In base 5, what is -41 - -13000013213?
13000013122
In base 13, what is 2a35 + -311?
2724
In base 15, what is 40 - 4ae1b?
-4adcb
In base 5, what is -4423 + -10430323?
-10440301
In base 2, what is -1000 + -101000100011001011000?
-101000100011001100000
In base 8, what is 456050 + -201?
455647
In base 8, what is 1102243726 + 3?
1102243731
In base 3, what is 12101 - 1022100202010?
-1022100112202
In base 7, what is 363 - 30060565?
-30060202
In base 13, what is 4b781 - -24?
4b7a5
In base 5, what is -2403203212323 - 0?
-2403203212323
In base 11, what is 1a099a3 + -3?
1a099a0
In base 11, what is 5 - -37142?
37147
In base 12, what is 29760 - -5a?
297ba
In base 15, what is -4 + -260d72?
-260d76
In base 7, what is 2146 - 236546?
-234400
In base 11, what is 4 + 49611264?
49611268
In base 8, what is -20656 + -5500?
-26356
In base 6, what is -201 - -400215414?
400215213
In base 14, what is c15 + 82a5?
90ba
In base 7, what is 265 + -2213415?
-2213120
In base 2, what is 1010001101101001 + 10111101011?
1010100101010100
In base 12, what is -4 + 29785228?
29785224
In base 8, what is 15 + -170174405?
-170174370
In base 10, what is 3 - 12090105?
-12090102
In base 7, what is 144260162 - 3?
144260156
In base 8, what is -5 - 116166627?
-116166634
In base 5, what is -4444 + -4121021?
-4131020
In base 7, what is 14250 + -22050?
-4500
In base 7, what is -52450310 + 0?
-52450310
In base 10, what is -43450 + -152?
-43602
In base 14, what is -c03d - 4d80?
-12dbd
In base 7, what is 2 - -1600420516?
1600420521
In base 16, what is -8 + -801ead?
-801eb5
In base 10, what is 240360 - 27?
240333
In base 7, what is -1441521 + -211?
-1442032
In base 2, what is -10110001 + -1001011010001000101100?
-1001011010001011011101
In base 13, what is -32 + -a8120?
-a8152
In base 10, what is -12990994 - 5?
-12990999
In base 6, what is 21151230114 - 0?
21151230114
In base 14, what is 6b + 10032b0?
100333b
In base 3, what is -111220202222202 - 10012?
-111220210002221
In base 9, what is 7228 + 24024?
32253
In base 4, what is 0 + 3313311122023?
3313311122023
In base 5, what is -4 + 14413443123?
14413443114
In base 4, what is -233300331 + -32201?
-233333132
In base 3, what is -120211 - -122212212?
122022001
In base 6, what is -405 - 133330?
-134135
In base 15, what is -5dd - -60ba?
59cc
In base 12, what is -3 - 22a9ab2?
-22a9ab5
In base 10, what is 4325069 + -5?
4325064
In base 11, what is -7 + 102838a5?
10283899
In base 14, what is 1 + 13830c7d?
13830c80
In base 7, what is 110 + -2636?
-2526
In base 4, what is 322112 - 23120?
232332
In base 2, what is -111000111100011010 - -1101000?
-111000111010110010
In base 10, what is -204 + 5582?
5378
In base 2, what is -11000010100111110110 + 101?
-11000010100111110001
In base 12, what is 18 + 386423?
38643b
In base 16, what is 0 + 2b4a0b?
2b4a0b
In base 4, what is -330 + 1300230320?
1300223330
In base 9, what is 17251 + -215?
17035
In base 14, what is 23c - -3dabd6?
3db034
In base 8, what is 154610371 + 3?
154610374
In base 13, what is 47c - -4c31?
53b0
In base 12, what is -9 + 11a5a584?
11a5a577
In base 13, what is -7b - 223383?
-223431
In base 3, what is -2 - -122100102001200000?
122100102001122221
In base 3, what is -11021000221012 - 10?
-11021000221022
In base 12, what is -5a9 - -16632a?
165941
In base 11, what is 1 - 1241257?
-1241256
In base 13, what is 1 - -10c88572?
10c88573
In base 4, what is -30032301232102 - -1?
-30032301232101
In base 9, what is -6541 - -55738?
48187
In base 13, what is -c869 - -7a?
-c7bc
In base 5, what is 241423111131 - -3?
241423111134
In base 4, what is 210132 + 1021002?
1231200
In base 9, what is 874106 + 11?
874117
In base 16, what is 81d + -100?
71d
In base 6, what is -4055450 + 13?
-4055433
In base 9, what is -52248 + -423?
-52672
In base 15, what is -9dbd + eba?
-8e03
In base 7, what is 6 + 110102056?
110102065
In base 10, what is -39983733 + 1?
-39983732
In base 13, what is 23759 + 103?
2385c
In base 14, what is 11b37784 - -a?
11b37790
In base 7, what is 2125630 + -520?
2125110
In base 15, what is -140a07 + 1a?
-1409dc
In base 13, what is 8 + -347057?
-34704c
In base 12, what is -7b - 18ab7?
-18b76
In base 11, what is -4824996 + 12?
-4824984
In base 12, what is 77842 - -2437?
7a079
In base 7, what is -26216554 + -23?
-26216610
In base 7, what is -2154202254 + 0?
-2154202254
In base 6, what is 5 + -1433152024?
-1433152015
In base 2, what is 1001001101 - 10110011010110?
-10101010001001
In base 13, what is 595 + 2573?
2b38
In base 4, what is 2 - 1003212112233?
-1003212112231
In base 3, what is 200000012 - 120?
122222122
In base 11, what is 4 - -56203a?
562043
In base 10, what is 0 + 3943334?
3943334
In base 10, what is 21109 - 55590?
-34481
In base 15, what is -e + 30cba3?
30cb94
In base 13, what is 2 + 1c33cc5?
1c33cc7
In base 6, what is 1 - -331511154?
331511155
In base 15, what is 1388 + -13d?
124a
In base 8, what is 530005 - -4066?
534073
In base 5, what is 4 + 42030244?
42030303
In base 2, what is 110010 + 101001011101001?
101001100011011
In base 5, what is -24133 - 200323340?
-200403023
In base 13, what is 29 - -11ba96a?
11ba996
In base 7, what is -4606 + 21350?
13441
In base 8, what is -1212 - 2111544?
-2112756
In base 6, what is -1534 - 24532?
-30510
In base 6, what is 3320 + 540503?
544223
In base 7, what is -433 - -403032?
402266
In base 5, what is 3030120 - -111?
3030231
In base 14, what is -d18 + -17b17?
-18a31
In base 5, what is 12 + -10040211310?
-1004